{"id":886,"date":"2025-03-19T09:31:14","date_gmt":"2025-03-19T09:31:14","guid":{"rendered":"https:\/\/clinicadomnitachiajna.ro\/medic\/?post_type=product&#038;p=886"},"modified":"2025-05-02T08:56:47","modified_gmt":"2025-05-02T08:56:47","slug":"blu-viril-cream","status":"publish","type":"product","link":"https:\/\/clinicadomnitachiajna.ro\/medic\/product\/blu-viril-cream\/","title":{"rendered":"BLU VIRIL CREAM"},"content":{"rendered":"<p data-start=\"132\" data-end=\"582\">BLU VIRIL este un produs inovativ destinat b\u0103rba\u021bilor care \u00ee\u0219i doresc s\u0103 \u00eembun\u0103t\u0103\u021beasc\u0103 performan\u021bele sexuale \u0219i s\u0103 beneficieze de o via\u021b\u0103 sexual\u0103 mai satisf\u0103c\u0103toare. Acesta promite s\u0103 creasc\u0103 dimensiunea penisului \u0219i s\u0103 \u00eembun\u0103t\u0103\u021beasc\u0103 poten\u021ba sexual\u0103. \u00cen acest articol, vom analiza \u00een detaliu toate aspectele legate de acest produs, incluz\u00e2nd componen\u021ba sa, efectele sale, posibilele efecte secundare, cum s\u0103-l utilizezi corect \u0219i unde s\u0103-l cumperi.<\/p>\n<h2 data-start=\"584\" data-end=\"617\">Prezentare general\u0103 BLU VIRIL<\/h2>\n<p data-start=\"619\" data-end=\"1064\">BLU VIRIL este un preparat sub form\u0103 de crem\u0103, destinat b\u0103rba\u021bilor care doresc s\u0103 \u00eembun\u0103t\u0103\u021beasc\u0103 at\u00e2t dimensiunea penisului lor, c\u00e2t \u0219i performan\u021bele sexuale. Produsul utilizeaz\u0103 o formul\u0103 natural\u0103 care vizeaz\u0103 cre\u0219terea fluxului sanguin c\u0103tre zona intim\u0103, av\u00e2nd ca rezultat o erec\u021bie mai puternic\u0103 \u0219i mai de durat\u0103. De asemenea, BLU VIRIL ajut\u0103 la \u00eembun\u0103t\u0103\u021birea libidoului \u0219i la cre\u0219terea nivelului de energie, stimul\u00e2nd astfel dorin\u021ba sexual\u0103.<\/p>\n<p data-start=\"1066\" data-end=\"1296\">\u00cen plus, este u\u0219or de aplicat \u0219i nu necesit\u0103 prescrip\u021bie medical\u0103. Acesta a fost creat pentru a r\u0103spunde nevoilor b\u0103rba\u021bilor care doresc o solu\u021bie natural\u0103 \u0219i eficient\u0103 pentru problemele legate de poten\u021b\u0103 \u0219i dimensiunea penisului.<\/p>\n<h2 data-start=\"1298\" data-end=\"1332\">Compozi\u021bie BLU VIRIL \u0219i efecte<\/h2>\n<p data-start=\"1334\" data-end=\"1702\">BLU VIRIL con\u021bine ingrediente naturale, selec\u021bionate cu grij\u0103 pentru a oferi cele mai bune rezultate. Aceste ingrediente sunt cunoscute pentru propriet\u0103\u021bile lor benefice asupra s\u0103n\u0103t\u0103\u021bii sexuale \u0219i pentru capacitatea lor de a stimula circula\u021bia sanguin\u0103, esen\u021bial\u0103 pentru ob\u021binerea unei erec\u021bii puternice \u0219i de lung\u0103 durat\u0103. Printre principalele ingrediente se num\u0103r\u0103:<\/p>\n<ul data-start=\"1704\" data-end=\"2264\">\n<li data-start=\"1704\" data-end=\"1857\"><strong data-start=\"1706\" data-end=\"1720\">L-arginin\u0103<\/strong>: Un aminoacid esen\u021bial care ajut\u0103 la dilatarea vaselor de s\u00e2nge, cresc\u00e2nd fluxul sanguin c\u0103tre penis, ceea ce duce la erec\u021bii mai ferme.<\/li>\n<li data-start=\"1858\" data-end=\"1983\"><strong data-start=\"1860\" data-end=\"1882\">Extract de Ginseng<\/strong>: Cunoscut pentru efectele sale stimulente \u0219i pentru capacitatea de a \u00eembun\u0103t\u0103\u021bi libidoul \u0219i energia.<\/li>\n<li data-start=\"1984\" data-end=\"2107\"><strong data-start=\"1986\" data-end=\"2012\">Extract de Muira Puama<\/strong>: O plant\u0103 amazonian\u0103 folosit\u0103 tradi\u021bional pentru cre\u0219terea poten\u021bei \u0219i a performan\u021bei sexuale.<\/li>\n<li data-start=\"2108\" data-end=\"2264\"><strong data-start=\"2110\" data-end=\"2144\">Extract de Tribulus Terrestris<\/strong>: Un alt ingredient natural care contribuie la cre\u0219terea nivelului de testosteron \u0219i la \u00eembun\u0103t\u0103\u021birea s\u0103n\u0103t\u0103\u021bii sexuale.<\/li>\n<\/ul>\n<p data-start=\"2266\" data-end=\"2582\">Efectele BLU VIRIL sunt evidente dup\u0103 o perioad\u0103 scurt\u0103 de utilizare, iar rezultatele sunt vizibile at\u00e2t \u00een termeni de cre\u0219tere a dimensiunii penisului, c\u00e2t \u0219i \u00een \u00eembun\u0103t\u0103\u021birea poten\u021bei \u0219i energiei sexuale. Utilizatorii raporteaz\u0103 erec\u021bii mai ferme, un libidou crescut \u0219i o satisfac\u021bie sexual\u0103 general\u0103 \u00eembun\u0103t\u0103\u021bit\u0103.<\/p>\n<h2 data-start=\"2584\" data-end=\"2623\">Efecte secundare \u0219i contraindica\u021bii<\/h2>\n<p data-start=\"2625\" data-end=\"2930\">Unul dintre principalele avantaje ale BLU VIRIL este faptul c\u0103 este un produs natural, cu riscuri minime de efecte secundare. Ingredientele din compozi\u021bia sa sunt atent selec\u021bionate pentru a oferi siguran\u021b\u0103 \u0219i eficien\u021b\u0103. Totu\u0219i, ca orice alt produs, este important s\u0103 fii atent la anumite contraindica\u021bii:<\/p>\n<ul data-start=\"2932\" data-end=\"3398\">\n<li data-start=\"2932\" data-end=\"3022\"><strong data-start=\"2934\" data-end=\"3022\">Nu se recomand\u0103 persoanelor care au alergii la unul dintre ingredientele produsului.<\/strong><\/li>\n<li data-start=\"3023\" data-end=\"3111\"><strong data-start=\"3025\" data-end=\"3111\">Este contraindicat persoanelor cu probleme cardiace grave, f\u0103r\u0103 acordul medicului.<\/strong><\/li>\n<li data-start=\"3112\" data-end=\"3166\"><strong data-start=\"3114\" data-end=\"3166\">Nu este recomandat pentru persoanele sub 18 ani.<\/strong><\/li>\n<li data-start=\"3167\" data-end=\"3251\"><strong data-start=\"3169\" data-end=\"3251\">Femeile \u0219i persoanele care al\u0103pteaz\u0103 ar trebui s\u0103 evite utilizarea produsului.<\/strong><\/li>\n<li data-start=\"3252\" data-end=\"3398\"><strong data-start=\"3254\" data-end=\"3398\">Persoanele care au afec\u021biuni dermatologice grave sau irita\u021bii \u00een zona de aplicare ar trebui s\u0103 consulte un medic \u00eenainte de a utiliza crema.<\/strong><\/li>\n<\/ul>\n<p data-start=\"3400\" data-end=\"3595\">\u00cen general, riscurile sunt minime datorit\u0103 formulei naturale a produsului. Dac\u0103 urmezi instruc\u021biunile de utilizare \u0219i respec\u021bi contraindica\u021biile, nu ar trebui s\u0103 \u00eent\u00e2mpini probleme semnificative.<\/p>\n<p style=\"text-align: center;\" data-start=\"3400\" data-end=\"3595\"><a class=\"border-button\" href=\"https:\/\/keonv.com\/OrHS?sub1=sub1&amp;sub2=sub2&amp;sub3=sub3&amp;sub4=sub4&amp;sub5=sub5\">www.blu-viril.ro<\/a><\/p>\n<h2 data-start=\"3597\" data-end=\"3658\">Instruc\u021biuni de utilizare BLU VIRIL, recomand\u0103ri generale<\/h2>\n<p data-start=\"3660\" data-end=\"3799\">Pentru a ob\u021bine cele mai bune rezultate, este important s\u0103 aplici BLU VIRIL corect. Iat\u0103 pa\u0219ii simpli pentru utilizarea eficient\u0103 a cremei:<\/p>\n<ol data-start=\"3801\" data-end=\"4487\">\n<li data-start=\"3801\" data-end=\"3983\"><strong data-start=\"3804\" data-end=\"3826\">Cur\u0103\u021b\u0103 zona intim\u0103<\/strong>: \u00cenainte de aplicare, spal\u0103 bine zona genital\u0103 cu ap\u0103 \u0219i s\u0103pun pentru a elimina orice impurit\u0103\u021bi sau reziduuri care ar putea \u00eempiedica absorb\u021bia produsului.<\/li>\n<li data-start=\"3984\" data-end=\"4113\"><strong data-start=\"3987\" data-end=\"4003\">Aplic\u0103 crema<\/strong>: Ia o cantitate mic\u0103 de crem\u0103 \u0219i aplic\u0103 uniform pe penis, mas\u00e2nd u\u0219or p\u00e2n\u0103 c\u00e2nd crema este complet absorbit\u0103.<\/li>\n<li data-start=\"4114\" data-end=\"4300\"><strong data-start=\"4117\" data-end=\"4142\">F\u0103 acest lucru zilnic<\/strong>: Aplic\u0103 BLU VIRIL de dou\u0103 ori pe zi, diminea\u021ba \u0219i seara, pentru rezultate optime. Po\u021bi s\u0103-l aplici \u00eenainte de activitatea sexual\u0103 pentru a maximiza efectele.<\/li>\n<li data-start=\"4301\" data-end=\"4487\"><strong data-start=\"4304\" data-end=\"4334\">Folose\u0219te-l pe termen lung<\/strong>: Rezultatele vor fi vizibile dup\u0103 c\u00e2teva s\u0103pt\u0103m\u00e2ni de utilizare continu\u0103. Fii r\u0103bd\u0103tor \u0219i urmeaz\u0103 recomand\u0103rile pentru a ob\u021bine cele mai bune rezultate.<\/li>\n<\/ol>\n<p data-start=\"4489\" data-end=\"4579\"><strong data-start=\"4489\" data-end=\"4579\">Recomand\u0103ri generale pentru \u00eembun\u0103t\u0103\u021birea poten\u021bei \u0219i cre\u0219terea dimensiunii penisului:<\/strong><\/p>\n<ul data-start=\"4581\" data-end=\"4991\">\n<li data-start=\"4581\" data-end=\"4697\">Men\u021bine o alimenta\u021bie echilibrat\u0103 \u0219i s\u0103n\u0103toas\u0103, bogat\u0103 \u00een vitamine \u0219i minerale esen\u021biale pentru s\u0103n\u0103tatea sexual\u0103.<\/li>\n<li data-start=\"4698\" data-end=\"4787\">Evit\u0103 consumul excesiv de alcool \u0219i tutun, deoarece acestea pot afecta negativ poten\u021ba.<\/li>\n<li data-start=\"4788\" data-end=\"4905\">F\u0103 exerci\u021bii fizice regulat pentru a \u00eembun\u0103t\u0103\u021bi circula\u021bia sanguin\u0103 \u0219i a men\u021bine o stare general\u0103 bun\u0103 de s\u0103n\u0103tate.<\/li>\n<li data-start=\"4906\" data-end=\"4991\">Odihne\u0219te-te suficient \u0219i gestioneaz\u0103 stresul pentru a preveni sc\u0103derea libidoului.<\/li>\n<\/ul>\n<h2 data-start=\"4993\" data-end=\"5045\">De unde s\u0103 cump\u0103ra\u021bi BLU VIRIL, care este pre\u021bul<\/h2>\n<p data-start=\"5047\" data-end=\"5453\">Achizi\u021bionarea BLU VIRIL este simpl\u0103 \u0219i convenabil\u0103. Tot ce trebuie s\u0103 faci este s\u0103 completezi un formular de comand\u0103 pe site-ul oficial al produsului. Dup\u0103 completarea formularului, vei fi contactat de un specialist care va confirma detaliile comenzii tale \u0219i \u00ee\u021bi va oferi informa\u021bii suplimentare. Dup\u0103 confirmare, vei primi produsul direct la u\u0219a ta, iar plata se poate face la livrare, f\u0103r\u0103 niciun risc.<\/p>\n<p data-start=\"5455\" data-end=\"5662\">BLU VIRIL este disponibil la un pre\u021b accesibil, iar costul poate varia \u00een func\u021bie de promo\u021biile curente. Pentru a ob\u021bine cel mai bun pre\u021b, \u00ee\u021bi recomand\u0103m s\u0103 urm\u0103re\u0219ti ofertele speciale de pe site-ul oficial.<\/p>\n<p data-start=\"5664\" data-end=\"5691\"><strong data-start=\"5664\" data-end=\"5691\">Beneficii suplimentare:<\/strong><\/p>\n<ul data-start=\"5693\" data-end=\"5820\">\n<li data-start=\"5693\" data-end=\"5732\">Livrare rapid\u0103 \u0219i discre\u021bie absolut\u0103.<\/li>\n<li data-start=\"5733\" data-end=\"5783\">Suport profesional din partea echipei BLU VIRIL.<\/li>\n<li data-start=\"5784\" data-end=\"5820\">F\u0103r\u0103 riscuri, cu plata la livrare.<\/li>\n<\/ul>\n<p data-start=\"5822\" data-end=\"6006\">BLU VIRIL este o op\u021biune excelent\u0103 pentru b\u0103rba\u021bii care doresc s\u0103 \u00eembun\u0103t\u0103\u021beasc\u0103 performan\u021bele lor sexuale \u0219i s\u0103 ob\u021bin\u0103 erec\u021bii mai ferme \u0219i mai durabile, \u00eentr-un mod natural \u0219i sigur.<\/p>\n<h2 data-start=\"0\" data-end=\"25\">Recenzii reale, forum<\/h2>\n<p data-start=\"27\" data-end=\"472\">Pe internet se g\u0103sesc o mul\u021bime de recenzii \u0219i p\u0103reri ale utilizatorilor despre BLU VIRIL, iar majoritatea sunt extrem de pozitive. Utilizatorii sunt foarte mul\u021bumi\u021bi de efectele produsului \u0219i de modul \u00een care acesta le-a \u00eembun\u0103t\u0103\u021bit via\u021ba sexual\u0103. Multe dintre recenzii subliniaz\u0103 faptul c\u0103 BLU VIRIL este o solu\u021bie eficient\u0103, sigur\u0103 \u0219i u\u0219or de utilizat pentru b\u0103rba\u021bii care se confrunt\u0103 cu probleme legate de poten\u021b\u0103 sau dimensiunea penisului.<\/p>\n<p data-start=\"474\" data-end=\"550\"><strong>Printre cele mai apreciate aspecte ale produsului, consumatorii men\u021bioneaz\u0103:<\/strong><\/p>\n<ol data-start=\"552\" data-end=\"1313\">\n<li data-start=\"552\" data-end=\"822\">\n<p data-start=\"555\" data-end=\"822\"><strong data-start=\"555\" data-end=\"593\">\u00cembun\u0103t\u0103\u021birea performan\u021bei sexuale<\/strong>: Mul\u021bi utilizatori au raportat c\u0103 au observat o cre\u0219tere semnificativ\u0103 a poten\u021bei lor, cu erec\u021bii mai puternice \u0219i mai de durat\u0103. Aceasta a contribuit la o via\u021b\u0103 sexual\u0103 mai satisf\u0103c\u0103toare \u0219i la o rela\u021bie mai bun\u0103 cu partenerul.<\/p>\n<\/li>\n<li data-start=\"827\" data-end=\"1055\">\n<p data-start=\"830\" data-end=\"1055\"><strong data-start=\"830\" data-end=\"862\">Cre\u0219terea \u00eencrederii \u00een sine<\/strong>: Un alt beneficiu frecvent men\u021bionat este cre\u0219terea \u00eencrederii \u00een sine \u0219i a satisfac\u021biei personale. Mul\u021bi b\u0103rba\u021bi s-au sim\u021bit mult mai siguri pe ei \u00een\u0219i\u0219i \u0219i mai confortabili \u00een propriul corp.<\/p>\n<\/li>\n<li data-start=\"1057\" data-end=\"1313\">\n<p data-start=\"1060\" data-end=\"1313\"><strong data-start=\"1060\" data-end=\"1085\">U\u0219urin\u021ba de utilizare<\/strong>: Utilizatorii sunt \u00eenc\u00e2nta\u021bi de faptul c\u0103 BLU VIRIL este u\u0219or de aplicat \u0219i c\u0103 nu implic\u0103 utilizarea unor metode invazive sau complicate. De asemenea, crema are o textur\u0103 pl\u0103cut\u0103 \u0219i se absoarbe rapid, f\u0103r\u0103 a l\u0103sa urme vizibile.<\/p>\n<\/li>\n<\/ol>\n<p data-start=\"1315\" data-end=\"1506\">Majoritatea recenziilor de pe forumuri \u0219i site-uri de specialitate sunt foarte pozitive, iar utilizatorii sunt mul\u021bumi\u021bi de rezultatele ob\u021binute \u00een urma utiliz\u0103rii acestui produs.<\/p>\n<p style=\"text-align: center;\" data-start=\"1315\" data-end=\"1506\"><a class=\"border-button\" href=\"https:\/\/keonv.com\/OrHS?sub1=sub1&amp;sub2=sub2&amp;sub3=sub3&amp;sub4=sub4&amp;sub5=sub5\">(\u221250%) Direct de la produc\u0103tor!<\/a><\/p>\n<h2 data-start=\"1508\" data-end=\"1555\">Feedback de la utilizatori despre BLU VIRIL<\/h2>\n<p data-start=\"1557\" data-end=\"1652\">Iat\u0103 c\u00e2teva dintre recenziile reale ale utilizatorilor care au experimentat efectele BLU VIRIL:<\/p>\n<ol data-start=\"1654\" data-end=\"2981\">\n<li data-start=\"1654\" data-end=\"2098\">\n<p data-start=\"1657\" data-end=\"2098\"><strong data-start=\"1657\" data-end=\"1687\">Mihai, 42 de ani \u2013 5 stele<\/strong><br data-start=\"1687\" data-end=\"1690\" \/>&#8222;Am \u00eencercat mai multe produse pentru poten\u021b\u0103, dar niciunul nu a avut efectul dorit. BLU VIRIL a fost \u00eens\u0103 diferit. Dup\u0103 doar c\u00e2teva zile de utilizare, am observat o \u00eembun\u0103t\u0103\u021bire semnificativ\u0103 a erec\u021biilor \u0219i o cre\u0219tere a \u00eencrederii \u00een mine. Am sim\u021bit c\u0103 performan\u021bele mele sexuale au devenit mult mai bune \u0219i c\u0103 rela\u021bia mea cu partenera mea s-a \u00eembun\u0103t\u0103\u021bit considerabil. Recomand cu \u00eencredere acest produs!&#8221;<\/p>\n<\/li>\n<li data-start=\"2100\" data-end=\"2553\">\n<p data-start=\"2103\" data-end=\"2553\"><strong data-start=\"2103\" data-end=\"2134\">Andrei, 37 de ani \u2013 4 stele<\/strong><br data-start=\"2134\" data-end=\"2137\" \/>&#8222;BLU VIRIL m-a ajutat s\u0103 dep\u0103\u0219esc c\u00e2teva probleme legate de poten\u021b\u0103 cu care m\u0103 confruntam de ceva timp. Crema este u\u0219or de aplicat \u0219i nu las\u0103 urme. De asemenea, efectele sunt vizibile destul de repede \u2013 erec\u021bii mai puternice \u0219i o senza\u021bie de energie sexual\u0103 mai mare. Singurul motiv pentru care nu ofer 5 stele este c\u0103 mi-a\u0219 fi dorit ca rezultatele s\u0103 vin\u0103 un pic mai repede, dar \u00een general sunt mul\u021bumit de produs.&#8221;<\/p>\n<\/li>\n<li data-start=\"2555\" data-end=\"2981\">\n<p data-start=\"2558\" data-end=\"2981\"><strong data-start=\"2558\" data-end=\"2586\">Ion, 50 de ani \u2013 5 stele<\/strong><br data-start=\"2586\" data-end=\"2589\" \/>&#8222;Am folosit BLU VIRIL pentru a \u00eembun\u0103t\u0103\u021bi poten\u021ba \u0219i pentru a \u00eencerca s\u0103 \u00eemi m\u0103resc dimensiunea penisului. Dup\u0103 c\u00e2teva s\u0103pt\u0103m\u00e2ni de utilizare, am \u00eenceput s\u0103 observ o diferen\u021b\u0103 semnificativ\u0103. At\u00e2t dimensiunea, c\u00e2t \u0219i erec\u021biile au devenit mult mai ferme \u0219i de durat\u0103. Este un produs excelent pentru b\u0103rba\u021bii de v\u00e2rsta mea care doresc s\u0103 \u00ee\u0219i rec\u00e2\u0219tige vitalitatea sexual\u0103. Mul\u021bumesc BLU VIRIL!&#8221;<\/p>\n<\/li>\n<\/ol>\n<p data-start=\"2983\" data-end=\"3318\" data-is-last-node=\"\" data-is-only-node=\"\">Aceste recenzii reflect\u0103 experien\u021bele pozitive ale utilizatorilor care au folosit BLU VIRIL \u0219i au fost mul\u021bumi\u021bi de rezultatele ob\u021binute. De asemenea, majoritatea b\u0103rba\u021bilor care au utilizat acest produs au remarcat \u00eembun\u0103t\u0103\u021biri considerabile \u00een ceea ce prive\u0219te poten\u021ba, dimensiunea penisului \u0219i satisfac\u021bia general\u0103 \u00een via\u021ba sexual\u0103.<\/p>\n","protected":false},"excerpt":{"rendered":"<p style=\"text-align: center;\"><a class=\"border-button\" href=\"https:\/\/keonv.com\/OrHS?sub1=sub1&amp;sub2=sub2&amp;sub3=sub3&amp;sub4=sub4&amp;sub5=sub5\">Cump\u0103ra\u021bi<\/a><\/p>\n<p style=\"text-align: left;\">#prod. 762981136<\/p>\n","protected":false},"featured_media":887,"comment_status":"open","ping_status":"closed","template":"","meta":[],"product_brand":[],"product_cat":[15],"product_tag":[],"class_list":{"0":"post-886","1":"product","2":"type-product","3":"status-publish","4":"has-post-thumbnail","6":"product_cat-medic","8":"first","9":"instock","10":"sale","11":"shipping-taxable","12":"purchasable","13":"product-type-simple"},"aioseo_notices":[],"_links":{"self":[{"href":"https:\/\/clinicadomnitachiajna.ro\/medic\/wp-json\/wp\/v2\/product\/886","targetHints":{"allow":["GET"]}}],"collection":[{"href":"https:\/\/clinicadomnitachiajna.ro\/medic\/wp-json\/wp\/v2\/product"}],"about":[{"href":"https:\/\/clinicadomnitachiajna.ro\/medic\/wp-json\/wp\/v2\/types\/product"}],"replies":[{"embeddable":true,"href":"https:\/\/clinicadomnitachiajna.ro\/medic\/wp-json\/wp\/v2\/comments?post=886"}],"wp:featuredmedia":[{"embeddable":true,"href":"https:\/\/clinicadomnitachiajna.ro\/medic\/wp-json\/wp\/v2\/media\/887"}],"wp:attachment":[{"href":"https:\/\/clinicadomnitachiajna.ro\/medic\/wp-json\/wp\/v2\/media?parent=886"}],"wp:term":[{"taxonomy":"product_brand","embeddable":true,"href":"https:\/\/clinicadomnitachiajna.ro\/medic\/wp-json\/wp\/v2\/product_brand?post=886"},{"taxonomy":"product_cat","embeddable":true,"href":"https:\/\/clinicadomnitachiajna.ro\/medic\/wp-json\/wp\/v2\/product_cat?post=886"},{"taxonomy":"product_tag","embeddable":true,"href":"https:\/\/clinicadomnitachiajna.ro\/medic\/wp-json\/wp\/v2\/product_tag?post=886"}],"curies":[{"name":"wp","href":"https:\/\/api.w.org\/{rel}","templated":true}]}}