{"id":77,"date":"2024-09-18T10:14:56","date_gmt":"2024-09-18T10:14:56","guid":{"rendered":"https:\/\/clinicadomnitachiajna.ro\/medic\/?post_type=product&#038;p=77"},"modified":"2025-04-07T11:25:39","modified_gmt":"2025-04-07T11:25:39","slug":"erectil","status":"publish","type":"product","link":"https:\/\/clinicadomnitachiajna.ro\/medic\/product\/erectil\/","title":{"rendered":"Erectil"},"content":{"rendered":"<p>Erectil contribuie, de asemenea, la stimularea circula\u021biei sanguine \u00een zona pelvisului, ceea ce favorizeaz\u0103 o erec\u021bie mai ferm\u0103 \u0219i mai de durat\u0103. Acest lucru este deosebit de important pentru b\u0103rba\u021bii de v\u00e2rst\u0103 mijlocie sau mai \u00een v\u00e2rst\u0103, deoarece circula\u021bia deficitar\u0103 poate fi una dintre cauzele disfunc\u021biei erectile. \u00cen plus, capsulele sus\u021bin s\u0103n\u0103tatea cardiovascular\u0103 \u0219i ajut\u0103 la \u00eent\u0103rirea vaselor de s\u00e2nge, reduc\u00e2nd astfel riscul de complica\u021bii asociate cu disfunc\u021bia erectil\u0103.<\/p>\n<p>Un alt avantaj al Erectil este c\u0103 ajut\u0103 la cre\u0219terea nivelului de testosteron, hormonul masculin responsabil de dorin\u021ba sexual\u0103 \u0219i de calitatea spermei. Astfel, Erectil nu doar c\u0103 ofer\u0103 o solu\u021bie pe termen scurt pentru problemele de erec\u021bie, dar poate \u00eembun\u0103t\u0103\u021bi \u0219i fertilitatea, ceea ce \u00eel face un aliat de \u00eencredere pentru b\u0103rba\u021bii care doresc s\u0103-\u0219i \u00eembun\u0103t\u0103\u021beasc\u0103 s\u0103n\u0103tatea sexual\u0103 pe termen lung.<\/p>\n<h2>Compozi\u021bie Erectil \u0219i efecte<\/h2>\n<p>Erectil con\u021bine o combina\u021bie de ingrediente naturale, atent selec\u021bionate pentru a oferi efecte maxime asupra poten\u021bei masculine. Printre principalele componente ale acestui produs se num\u0103r\u0103:<\/p>\n<ol>\n<li><strong>Extractul de pepene verde (Watermelon Matsum)<\/strong> \u2013 Acest ingredient este bogat \u00een citrulin\u0103, un aminoacid care are un efect vasodilatator, \u00eembun\u0103t\u0103\u021bind fluxul sanguin c\u0103tre penis \u0219i ajut\u00e2nd la ob\u021binerea unei erec\u021bii puternice \u0219i de lung\u0103 durat\u0103.<\/li>\n<li><strong>Extractul de cordyceps (Cordyceps)<\/strong> \u2013 Cordyceps este cunoscut pentru capacitatea sa de a stimula produc\u021bia de testosteron \u0219i de a cre\u0219te nivelul de energie \u0219i rezisten\u021b\u0103 fizic\u0103. Astfel, contribuie la o performan\u021b\u0103 sexual\u0103 \u00eembun\u0103t\u0103\u021bit\u0103 \u0219i la cre\u0219terea dorin\u021bei sexuale.<\/li>\n<li><strong>Extractul uscat de muira puama (Muira puama)<\/strong> \u2013 Aceasta este o plant\u0103 tradi\u021bional\u0103 utilizat\u0103 de secole pentru a trata disfunc\u021biile erectile \u0219i pentru a cre\u0219te libidoul. Muira puama ajut\u0103 la \u00eembun\u0103t\u0103\u021birea sensibilit\u0103\u021bii penisului \u0219i la cre\u0219terea intensit\u0103\u021bii senza\u021biilor \u00een timpul actului sexual.<\/li>\n<li><strong>Ginkgo biloba (Ginkgo biloba)<\/strong> \u2013 Ginkgo biloba este un puternic antioxidant care ajut\u0103 la \u00eembun\u0103t\u0103\u021birea circula\u021biei sanguine, \u00een special \u00een zona genital\u0103. Astfel, acesta contribuie la ob\u021binerea unei erec\u021bii mai ferme \u0219i la prevenirea problemelor legate de disfunc\u021bia erectil\u0103.<\/li>\n<li><strong>Extractul uscat din r\u0103d\u0103cina de maca (Maca)<\/strong> \u2013 Maca este recunoscut\u0103 pentru efectele sale de cre\u0219tere a fertilit\u0103\u021bii \u0219i \u00eembun\u0103t\u0103\u021birea calit\u0103\u021bii spermei. \u00cen plus, maca stimuleaz\u0103 \u0219i dorin\u021ba sexual\u0103, f\u0103c\u00e2nd Erectil o solu\u021bie eficient\u0103 pentru b\u0103rba\u021bii care doresc s\u0103-\u0219i \u00eembun\u0103t\u0103\u021beasc\u0103 via\u021ba sexual\u0103.<\/li>\n<\/ol>\n<p>Aceste ingrediente lucreaz\u0103 sinergic pentru a oferi rezultate rapide \u0219i durabile, f\u0103r\u0103 a provoca efecte secundare majore.<\/p>\n<h2>Efecte secundare \u0219i contraindica\u021bii<\/h2>\n<p>De\u0219i Erectil este un produs natural, este important s\u0103 men\u021bion\u0103m c\u0103 orice supliment alimentar poate avea anumite contraindica\u021bii. \u00cen cazul Erectil, datorit\u0103 compozi\u021biei sale pe baz\u0103 de plante, riscurile de efecte secundare sunt minime, \u00eens\u0103 exist\u0103 anumite categorii de persoane care ar trebui s\u0103 evite utilizarea acestui produs sau s\u0103 consulte un medic \u00eenainte de a-l folosi.<\/p>\n<p><strong>Contraindica\u021bii ale Erectil<\/strong>:<\/p>\n<ul>\n<li>Persoane alergice la unul dintre ingredientele active din compozi\u021bie;<\/li>\n<li>Persoane cu afec\u021biuni grave ale inimii sau tensiune arterial\u0103 necontrolat\u0103;<\/li>\n<li>B\u0103rba\u021bi care sufer\u0103 de probleme hormonale severe;<\/li>\n<li>Persoane sub 18 ani.<\/li>\n<\/ul>\n<p>Erectil este bine tolerat de majoritatea utilizatorilor, \u00eens\u0103, pentru a evita orice complica\u021bii, este recomandat s\u0103 consulta\u021bi un medic specialist \u00eenainte de a \u00eencepe tratamentul.<\/p>\n<p style=\"text-align: center;\"><a class=\"border-button\" href=\"https:\/\/tl-track.com\/tracker\/urm5\">www.erectil.ro<\/a><\/p>\n<h2>Instruc\u021biuni de utilizare Erectil, recomand\u0103ri generale<\/h2>\n<p>Pentru a ob\u021bine rezultatele dorite, este esen\u021bial s\u0103 urma\u021bi corect instruc\u021biunile de utilizare ale capsulelor Erectil. Iat\u0103 c\u00e2teva sfaturi generale:<\/p>\n<ol>\n<li><strong>Dozaj<\/strong>: Se recomand\u0103 administrarea unei capsule de Erectil cu 30 de minute \u00eenainte de actul sexual. Capsula trebuie \u00eenghi\u021bit\u0103 cu suficient\u0103 ap\u0103, pentru a asigura o absorb\u021bie optim\u0103.<\/li>\n<li><strong>Durata tratamentului<\/strong>: Pentru efecte de lung\u0103 durat\u0103, Erectil poate fi administrat zilnic pe o perioad\u0103 de cel pu\u021bin 30 de zile. \u00cen acest fel, nivelul de testosteron va cre\u0219te treptat, iar performan\u021bele sexuale vor fi \u00eembun\u0103t\u0103\u021bite pe termen lung.<\/li>\n<li><strong>Recomand\u0103ri<\/strong>: Pentru a ob\u021bine cele mai bune rezultate, este indicat s\u0103 adopta\u021bi un stil de via\u021b\u0103 s\u0103n\u0103tos, care s\u0103 includ\u0103 o diet\u0103 echilibrat\u0103 \u0219i exerci\u021bii fizice regulate. De asemenea, renun\u021barea la fumat \u0219i reducerea consumului de alcool pot contribui la \u00eembun\u0103t\u0103\u021birea performan\u021belor sexuale.<\/li>\n<\/ol>\n<h2>De unde s\u0103 cump\u0103ra\u021bi Erectil, care este pre\u021bul<\/h2>\n<p>Erectil este disponibil pentru achizi\u021bionare direct pe site-ul oficial al produc\u0103torului. Achizi\u021bionarea produsului online este simpl\u0103 \u0219i sigur\u0103. Trebuie doar s\u0103 completa\u021bi formularul de comand\u0103, s\u0103 a\u0219tepta\u021bi apelul de confirmare de la un consultant \u0219i s\u0103 a\u0219tepta\u021bi sosirea coletului.<\/p>\n<p>Plata produsului se poate face la livrare, ceea ce \u00eenseamn\u0103 c\u0103 nu exist\u0103 niciun risc pentru cump\u0103r\u0103tori. \u00cen plus, Erectil este adesea disponibil la pre\u021buri promo\u021bionale sau \u00een pachete care ofer\u0103 reduceri semnificative pentru achizi\u021bii multiple.<\/p>\n<h2>Recenzii reale, forum<\/h2>\n<p>Recenziile despre Erectil sunt, \u00een general, extrem de pozitive. Mul\u021bi b\u0103rba\u021bi au l\u0103sat comentarii pe forumuri \u0219i pe site-urile de specialitate, unde au \u00eemp\u0103rt\u0103\u0219it experien\u021bele lor. Printre cele mai frecvent men\u021bionate avantaje ale Erectil se num\u0103r\u0103:<\/p>\n<ul>\n<li>\u00cembun\u0103t\u0103\u021birea rapid\u0103 a erec\u021biei;<\/li>\n<li>Cre\u0219terea dorin\u021bei sexuale;<\/li>\n<li>Prevenirea ejacul\u0103rii precoce;<\/li>\n<li>Lipsa efectelor secundare semnificative;<\/li>\n<li>Posibilitatea de a \u00eembun\u0103t\u0103\u021bi via\u021ba sexual\u0103 f\u0103r\u0103 a recurge la medicamente sintetice.<\/li>\n<\/ul>\n<p>Majoritatea utilizatorilor au observat primele efecte pozitive chiar dup\u0103 primele administr\u0103ri \u0219i au remarcat o \u00eembun\u0103t\u0103\u021bire general\u0103 a performan\u021bei sexuale \u0219i a calit\u0103\u021bii vie\u021bii.<\/p>\n<p style=\"text-align: center;\"><a class=\"border-button\" href=\"https:\/\/tl-track.com\/tracker\/urm5\">(\u221250%) Direct de la produc\u0103tor!<\/a><\/p>\n<h2>Feedback de la utilizatori despre Erectil<\/h2>\n<ol>\n<li><strong>Marius, 45 de ani<\/strong> \u2013 <em>\u2605\u2605\u2605\u2605\u2605<\/em><br \/>\n\u201eAm \u00eenceput s\u0103 folosesc Erectil dup\u0103 ce am observat c\u0103 performan\u021bele mele sexuale nu mai erau ca pe vremuri. Rezultatele au fost uimitoare! Dup\u0103 doar c\u00e2teva utiliz\u0103ri, am observat o cre\u0219tere semnificativ\u0103 a libidoului \u0219i erec\u021bii mai ferme. Recomand cu \u00eencredere!\u201d<\/li>\n<li><strong>Andrei, 38 de ani<\/strong> \u2013 <em>\u2605\u2605\u2605\u2605\u2606<\/em><br \/>\n\u201eErectil m-a ajutat s\u0103 \u00eemi recap\u0103t \u00eencrederea \u00een mine. Am avut probleme cu ejacularea precoce, dar de c\u00e2nd folosesc acest produs, durata actului sexual s-a prelungit considerabil. Singurul minus este c\u0103 nu este mereu disponibil \u00een stoc.\u201d<\/li>\n<li><strong>Vasile, 52 de ani<\/strong> \u2013 <em>\u2605\u2605\u2605\u2605\u2605<\/em><br \/>\n\u201eAm \u00eencercat multe produse \u00eenainte, dar niciunul nu s-a comparat cu Erectil. Acesta este natural, nu are efecte secundare \u0219i func\u021bioneaz\u0103 foarte bine. Am avut o experien\u021b\u0103 fantastic\u0103 \u0219i voi continua s\u0103 \u00eel folosesc.\u201d<\/li>\n<\/ol>\n","protected":false},"excerpt":{"rendered":"<p style=\"text-align: center;\"><a class=\"border-button\" href=\"https:\/\/tl-track.com\/tracker\/urm5\">Cump\u0103ra\u021bi<\/a><\/p>\n<p style=\"text-align: left;\">#prod. 7689952<\/p>\n","protected":false},"featured_media":78,"comment_status":"open","ping_status":"closed","template":"","meta":[],"product_brand":[],"product_cat":[15],"product_tag":[],"class_list":{"0":"post-77","1":"product","2":"type-product","3":"status-publish","4":"has-post-thumbnail","6":"product_cat-medic","8":"first","9":"instock","10":"sale","11":"shipping-taxable","12":"purchasable","13":"product-type-simple"},"aioseo_notices":[],"_links":{"self":[{"href":"https:\/\/clinicadomnitachiajna.ro\/medic\/wp-json\/wp\/v2\/product\/77","targetHints":{"allow":["GET"]}}],"collection":[{"href":"https:\/\/clinicadomnitachiajna.ro\/medic\/wp-json\/wp\/v2\/product"}],"about":[{"href":"https:\/\/clinicadomnitachiajna.ro\/medic\/wp-json\/wp\/v2\/types\/product"}],"replies":[{"embeddable":true,"href":"https:\/\/clinicadomnitachiajna.ro\/medic\/wp-json\/wp\/v2\/comments?post=77"}],"wp:featuredmedia":[{"embeddable":true,"href":"https:\/\/clinicadomnitachiajna.ro\/medic\/wp-json\/wp\/v2\/media\/78"}],"wp:attachment":[{"href":"https:\/\/clinicadomnitachiajna.ro\/medic\/wp-json\/wp\/v2\/media?parent=77"}],"wp:term":[{"taxonomy":"product_brand","embeddable":true,"href":"https:\/\/clinicadomnitachiajna.ro\/medic\/wp-json\/wp\/v2\/product_brand?post=77"},{"taxonomy":"product_cat","embeddable":true,"href":"https:\/\/clinicadomnitachiajna.ro\/medic\/wp-json\/wp\/v2\/product_cat?post=77"},{"taxonomy":"product_tag","embeddable":true,"href":"https:\/\/clinicadomnitachiajna.ro\/medic\/wp-json\/wp\/v2\/product_tag?post=77"}],"curies":[{"name":"wp","href":"https:\/\/api.w.org\/{rel}","templated":true}]}}